-1405. Calculate the highest common factor of 1073 and k.
37
Suppose 1198 - 11834 = -178*o + 18200. Calculate the greatest common factor of o and 180.
18
Let a(w) = -66*w - 1042. Let z be a(-16). Suppose -3*i + 17 = -1. What is the greatest common divisor of z and i?
2
Let g(q) = 25*q**2 - 7*q - 16. Let r be g(-6). Let m = r + -797. What is the highest common divisor of m and 301?
43
Suppose -4*u - 5*a + 237 = 101, 14*a = u - 156. Let q be 10/2*132/10. Let x = -44 + q. Calculate the greatest common divisor of x and u.
22
Suppose 0 = 5*a - 3*q - 43, 13*a + 5*q = 20*a - 61. What is the highest common divisor of a and 720?
8
Let d(o) = 41 + 39*o + 39*o - 75*o. Let n be d(-12). What is the highest common divisor of n and 3?
1
Let n = 236 - 166. Suppose -n = -106*d + 101*d. Calculate the highest common factor of 49 and d.
7
Suppose 6*l - 7*l + 6 = 0. Let b = 54 + -8. Let m = b + -31. What is the greatest common divisor of l and m?
3
Let f be (1/(-5)*-8)/(186/187395). What is the highest common divisor of f and 155?
31
Let q(c) = c**3 - 89*c**2 + 17*c - 1207. Let h be q(89). Calculate the greatest common divisor of h and 666.
18
Let x(p) = 11*p + 174. Let y be x(-15). Let q(s) = s + 27. Let t be q(y). What is the greatest common divisor of t and 81?
9
Let a(i) = i. Let d be a(4). Suppose 18 = d*q - 86. Suppose 13*g - 4*k + 126 = 15*g, -k - 1 = 0. What is the greatest common divisor of g and q?
13
Suppose -12173 = -206*q + 14195. Calculate the greatest common divisor of q and 3376.
16
Let g be 11766/14 + -1 + 25 + 4275/(-175). What is the greatest common divisor of g and 1176?
168
Let o(y) = -2*y**3 - 35 + 14 + 9 + 3*y**2 - 14*y + 13. Let v be o(-5). Calculate the highest common factor of 44 and v.
44
Suppose 4*x - 30 = -2*a, 12 = -2*a + 2. Calculate the highest common divisor of x and 1445.
5
Let a(p) = -44*p + 26. Let w be a(-2). Suppose -1817*d + 1825*d = 1824. Calculate the greatest common factor of w and d.
114
Let d be -25 - (-101)/4 - (27765/(-12) + 2). Calculate the highest common factor of d and 104.
8
Let q(w) = 3*w**3 - 79*w**2 + 26*w + 236. Let f be q(26). Calculate the highest common divisor of f and 177.
59
Let h(g) = 5*g + 256. Let s be h(-24). Let l be (-29)/(-1) + 2 + (5 - 2). Calculate the greatest common factor of s and l.
34
Suppose 0 = k + 2*y + 2, 11*y = 13*y + 4. Let v be (3/2 - k)*(7 - 117). Let s(q) = 6*q - 1. Let c be s(1). What is the greatest common factor of v and c?
5
Let q(h) = -3*h**3 - 3*h**2 - 6*h - 53. Let l be q(-4). What is the greatest common divisor of 2461 and l?
23
Let j be (2 + (-88)/(-16))/(4/864*6). What is the highest common divisor of j and 8235?
135
Suppose 5*p + 1645 = -3*g, -13*p + 9*p + 3*g = 1316. Let h = -314 - p. What is the highest common divisor of 75 and h?
15
Suppose -2*n - 8 = 4*k, 8 = n - 3*n + 2*k. Let u be 7 + 92 + -5 + n. What is the highest common divisor of u and 126?
18
Suppose 4*p = 141 - 157, 0 = 5*b - 4*p - 12001. What is the highest common divisor of b and 141?
141
Let h be 2/(-16)*4*(0 - 4). Let d(g) = 110*g - 76. Let q be d(h). Calculate the highest common factor of 162 and q.
18
Let z = -5932 + 6404. Calculate the greatest common divisor of 72 and z.
8
Let n be 5 - -37 - (7 - 11/((-66)/(-24))). Let t = -146 + 380. Calculate the highest common factor of n and t.
39
Let y be (1 + 2 + (-62)/(-4))*2. Let p = -203 + y. Let w = 397 + p. Calculate the highest common factor of w and 33.
33
Suppose -4*s + 246*s - 359128 = 0. Calculate the greatest common factor of 126 and s.
14
Let r be ((271 - -5)/3 - 2) + 5. Let x(y) = -5*y + 3. Suppose -a + 12 = -l, 4*l - 6*l = 3*a - 1. Let p be x(l). Calculate the highest common divisor of p and r.
19
Suppose -192*p + 375*p + 245 = 188*p. Calculate the highest common divisor of p and 5929.
49
Suppose 0 = 233*d - 235*d - 548. Let c = d - -308. Calculate the greatest common factor of c and 323.
17
Let u(a) = -18*a**3 + a**2 - 3*a - 2. Let s be u(-2). Let c = -459889 - -459929. What is the highest common factor of s and c?
8
Let z = -498 - -508. Let p be 63/(-9) + 1 + z. What is the highest common factor of 11 and p?
1
Suppose 0 = -45*q + 5*q + 240. Let x be q/54 - 18074/(-63). Calculate the highest common factor of 7 and x.
7
Suppose -59*d - 199662 + 595185 = 22*d. Calculate the greatest common divisor of 19 and d.
19
Let k(w) = w**2 - 86*w + 1346. Let m be k(66). What is the greatest common divisor of m and 1027?
13
Let x(s) = 18*s**2 - 2*s - 7. Let a be x(-3). Let g be (-1)/(-6 + a/28). What is the greatest common divisor of 5 and g?
1
Let r(g) = g**2 + 14*g + 21. Let y be r(-17). Let x be ((-24)/(-22))/(56/308). What is the greatest common factor of y and x?
6
Let l be 120*1 - (-1)/(-1). Let g = l - -12. Let r be (5 + g)/8 + (-3 - -1). What is the highest common factor of 15 and r?
15
Let z be ((-2)/(-12))/(7*8/(-3192))*-762. Calculate the greatest common divisor of z and 228.
57
Let n be 2/10 - 88/(-10). Let d be 54/15*(1 + n). Suppose -z + 24*k - 29*k = 43, 2*z + 20 = -4*k. Calculate the highest common factor of z and d.
12
Suppose 4*r + 44*u + 3 = 41*u, -r + 3*u + 18 = 0. Suppose -y + r*n = -20, -40 = 5*n - 30. What is the greatest common divisor of 133 and y?
7
Let f(t) = t**2 - 40*t - 216. Let d be f(-8). What is the highest common divisor of d and 78?
6
Suppose -129 + 38 = t. Let y = 88 + t. Let l be 6*(y - 5)*(-4)/1. Calculate the greatest common divisor of 12 and l.
12
Suppose -9*m + 14*m - 1391 = -4*c, 2*c - 1114 = -4*m. Let d = m - 262. What is the greatest common divisor of d and 119?
17
Suppose 3*q + 2*u - 14475 = 0, -7*q + 5*q - 3*u + 9640 = 0. Calculate the highest common divisor of 22 and q.
11
Let s(l) = -l**2 + 4*l + 8. Let d be s(5). Suppose d*k = 4*k - 29. Suppose k + 31 = 4*h. What is the highest common factor of h and 9?
3
Let x be 4221/(-36) + 3/12. Let d = 171 + x. Suppose -52*y + 7316 = -23572. What is the highest common factor of d and y?
54
Let w be (3 + 45/10 + -8)*-198. Calculate the highest common divisor of w and 378.
9
Suppose -3*l + 2*z + 211 = 0, l + 3*z - 71 = 3. Calculate the highest common divisor of 5 and l.
1
Suppose 4*w = 2*g + 3*g + 69, -27 = -2*w + 5*g. Suppose -o + 110 = -29. Let j = -125 + o. Calculate the highest common factor of j and w.
7
Suppose 6*z = 4*z + 4. Suppose -5*m + 4*v + 24 = 0, z*m - 5*v = -0*m + 13. Let t = m + 111. Calculate the highest common factor of 23 and t.
23
Let x be (-1)/((-1)/4) - 28. Let d = x + 27. Suppose 69 - 21 = d*h. What is the greatest common factor of h and 48?
16
Let q be (-2 - -1)*(-36 - 1). Suppose 7*o = -4*o + 2442. Suppose 0 = f + f - o. Calculate the greatest common divisor of f and q.
37
Suppose -r + 15*o + 126 = 0, 5*r - 2*o = 6*r - 24. Calculate the highest common divisor of r and 2946.
6
Suppose 5*v - 456 = v. Let n(d) = 91*d - 633. Let f be n(8). Calculate the highest common factor of f and v.
19
Suppose 7*b - 480 = -13*b. Let f = 166 + -82. Calculate the greatest common divisor of b and f.
12
Let u(f) = 74*f**2 + 28*f + 131. Let v be u(-5). Calculate the greatest common factor of v and 7.
7
Suppose -4*j - n + 3 - 11 = 0, -4*j = -n. Let m = -15 - -33. Let w = j + m. Calculate the greatest common factor of 119 and w.
17
Suppose -16*y = 34*y - 60*y + 790. Calculate the greatest common divisor of 2528 and y.
79
Suppose 258*r - 1058752 = -208*r. Calculate the greatest common factor of r and 64.
32
Suppose -11*w + 869 = -7*w + 5*y, -2*y + 2 = 0. Calculate the greatest common divisor of w and 1647.
27
Let b be 47/(-4) - (75/20)/(-5). Let r = b - -172. Calculate the highest common factor of 7 and r.
7
Suppose 8*s + 14*s = -112288. Let r be (-19)/(1995/14) - s/30. What is the highest common divisor of 10 and r?
10
Let u = 10542 - 10502. Calculate the highest common divisor of 4520 and u.
40
Let g be (-72)/(-945)*84*(-1 - -2 - -9). What is the greatest common divisor of 176 and g?
16
Let x(b) = -4*b. Let w be x(-3). Let f = 747 - 411. Let v be (-2)/((-4)/f*2). Calculate the greatest common factor of w and v.
12
Let t(o) = -39*o**3 + 4*o**2 - 11*o - 25. Suppose 0 = c - 19*c - 36. Let s be t(c). What is the greatest common factor of 65 and s?
65
Let m(v) = 29*v**3 - 253*v**2 + 14*v + 21. Let h be m(9). What is the greatest common factor of 1166 and h?
53
Let c = 22 - 